. What is w(j)?
5
Let r(i) = -5*i**2 - 21*i + 5. Let v(l) = l**2 + 4*l - 1. Let j(d) = 2*r(d) + 11*v(d). Let y be 6/((-2)/(-6)*6). Determine j(y).
14
Let z(f) be the first derivative of f**5/40 + f**4/6 + 5*f**3/3 - 15. Let w(a) be the third derivative of z(a). Suppose -22 + 7 = 3*y. Determine w(y).
-11
Let i(c) = -7*c - c + 2*c + 7*c + 12. Let d(n) = -2*n**2 + n + 1. Let h be d(-1). Let u = h - 3. Determine i(u).
7
Suppose 0 = -2*x - 42 - 0. Let v = x + 23. Let i(z) = -z**2 - 8*z - 7*z**2 + v + 9*z**2. Give i(7).
-5
Let h(w) be the third derivative of -w**9/60480 - w**8/5040 + w**7/2520 + w**6/360 - 7*w**5/20 + 16*w**2. Let k(t) be the third derivative of h(t). Give k(-5).
17
Let n(i) = 4*i + 4. Let g(x) = 3*x + 4. Let a = -20 - -16. Let r(u) = a*n(u) + 5*g(u). What is r(-3)?
7
Suppose -3*s + 5*r = -14, -2*s = -0*s - 2*r - 12. Suppose -5*d - 2*b = -6*b + 9, -4*d + 3*b = s. Let z(p) = -p**3 - 6*p**2 - 4*p. Give z(d).
-5
Suppose -3*t + 1 = -2*t. Let v be t + 2 - 2*12. Let f = v + 14. Let q(r) = -r - 7. What is q(f)?
0
Let m = 10 - 5. Let v(t) = -7*t**3 - 31*t**2 - 61*t + 28. Let z(i) = -2*i**3 - 8*i**2 - 16*i + 7. Let y(c) = 3*v(c) - 11*z(c). What is y(m)?
-28
Let j(w) be the third derivative of -w**4/24 - 2*w**3/3 + 2*w**2. Let v be j(-6). Let y(u) = -12*u**2 - 3 + 13*u**2 + v*u + 4. Calculate y(-1).
0
Let u(s) = 168*s - 81*s + 7 - 1 - 2 - 86*s. What is u(-17)?
-13
Let p = 6 + -3. Suppose -1 = p*x + 2*j, -x + j - 10 = -6*x. Suppose -x*c - 22 + 4 = 0. Let i(l) = -l**2 - 6*l. Determine i(c).
0
Suppose 257*l = 259*l - 6. Let g(h) = h**3 - 2*h + 1. Give g(l).
22
Let f = 268 + -269. Let s(i) = -26*i + 7. Let p(l) = 13*l - 3. Let b(g) = 7*p(g) + 3*s(g). Give b(f).
-13
Let c(o) = -1 - 41*o - 3 + 42*o. Give c(10).
6
Let f(t) be the third derivative of t**6/120 + 2*t**5/15 + t**4/3 + 5*t**3/6 + 2*t**2. Let o be 10*9/(-9) - 3/(-1). Calculate f(o).
-2
Let u(x) = -13*x**3 - 21*x**2 + x - 22. Let h(q) = 3*q**3 + 5*q**2 + 5. Let o(z) = -9*h(z) - 2*u(z). What is o(-1)?
-1
Let n(g) = -4*g + 4. Let l(p) = -p**3 + 16*p**2 + 15*p + 36. Let z be l(17). What is n(z)?
-4
Let f(l) = 27*l - 42. Let x(m) = -15*m + 22. Let h(y) = 4*f(y) + 7*x(y). Give h(9).
13
Let o(x) = x - 4. Let d be o(6). Let a(i) = -d + 1 + 4*i + 4 - 12*i. Calculate a(2).
-13
Let l(a) be the second derivative of a**4/3 - a**3/3 - a**2/2 + 20*a. Let t = 131 + -132. Give l(t).
5
Let y(t) = 15*t**3 - 4*t + 4. Let p be y(1). Let x(r) = r**2 - 16*r + 15. Determine x(p).
0
Let f(c) = -c**2 - 3*c + 31. Let m be (-6)/(-9)*(-105)/10. Let g be f(m). Let h(a) = a + 2. Calculate h(g).
5
Let y(t) = -t**3 - 9*t**2 + 11*t + 9. Let q(i) = -26*i + 432. Let h be q(17). Determine y(h).
-1
Let z(c) be the second derivative of -c**3/3 + c**2 + 129*c. Determine z(4).
-6
Let w(q) = -7*q + 5. Let y(a) = -a + 2. Let g(h) = -w(h) + 4*y(h). Let f = -4 + 2. Calculate g(f).
-3
Suppose -f = -5*i + f + 123, 2*f = 2*i - 48. Let j = -28 + i. Let z(q) = 3*q - 1. What is z(j)?
-10
Let y(a) = -3*a**2 - 10677*a**3 - a**2 - 3*a + 10676*a**3. Determine y(-2).
-2
Let b(x) = -17*x + 5. Let z(s) = 11*s - 3. Let f be (-1)/(3/(-24)) + -3. Let a(h) = f*b(h) + 8*z(h). Determine a(-2).
-5
Let a(t) = t - 5. Let o(d) = d**2 + 9*d + 5. Let v be o(-10). Let m = v - 9. Suppose -3*y = -24 + m. Give a(y).
1
Let p(g) = -g - 11. Suppose 3*d - 2*d = -3*s - 8, 0 = 3*d - 3*s + 60. Let f(r) = 3*r + 1. Let a be f(-6). Let x = d - a. Calculate p(x).
-11
Let b(k) = 24*k**2 + 8*k - 118. Let c(y) = -13*y**2 - 3*y + 59. Let i(n) = -6*b(n) - 11*c(n). What is i(-18)?
5
Let g(u) = u**2. Suppose 6*n - 8 + 2 = 0. Give g(n).
1
Let p = -31 - -49. Let b(o) = -2*o**2 - p + 13 + 7 + o**3. What is b(2)?
2
Suppose 4 = -4*s + 4*b, -3*s - 20 = 2*b + 8. Let g(r) = -2*r - 14. Calculate g(s).
-2
Let g(v) = -v**2 + 7*v + 8. Let z(o) = 10*o + 37. Let a be z(-3). Give g(a).
8
Let x be (6/9)/((-1)/(-3)). Let i(s) = 7*s**2 - 7*s - 5. Let j(g) = -4*g**2 + 4*g + 3. Let o(n) = -3*i(n) - 5*j(n). What is o(x)?
-2
Let p(y) = y**2 + 2*y - 1. Let m(l) = 5*l - 2*l - 2*l - 2*l**2 + 3*l**2. Let z(d) = -5*m(d) + 4*p(d). Let x(f) = 16*f + 115. Let k be x(-7). Determine z(k).
-4
Suppose 6*u - 13 = -3*n + 2*u, -4*n = -4*u - 36. Let v(g) = -n*g + 0*g + 6*g + 10 + 0*g. Calculate v(5).
5
Let m(c) = -3*c - 5. Suppose -12*u - 44 - 4 = 0. Calculate m(u).
7
Suppose 0 = 40*v - 11 + 291. Let o(h) = -h**2 + 10*h + 7. Let g be o(10). Let y(w) = -2*w + w**2 + 3*w + g + 6*w + w. Determine y(v).
0
Let p(q) = 4*q**3 + 10*q**2 - 8*q + 13. Let s(v) = 5*v**3 + 11*v**2 - 9*v + 15. Let n(j) = 6*p(j) - 5*s(j). Calculate n(4).
7
Let c(p) be the first derivative of -3*p**4/4 - 2*p**3/3 + 2*p - 142. What is c(-1)?
3
Let z(v) = v**3 - v**2 + v + 2. Let m(c) = -2*c**3 - 2*c**2 + 2*c - 3. Let j(h) = -m(h) - 3*z(h). Give j(4).
-7
Let r(m) be the third derivative of m**6/120 + m**5/60 - m**3/3 - 194*m**2. Give r(3).
34
Let l(x) = 2*x**2 + 2*x + 2. Let w = 57 + -51. Suppose -2 - w = 4*d. Determine l(d).
6
Let o = 7 - 1. Let p(i) = -7 - 2 - o*i + i. Let w(h) = 9*h + 17. Let x(m) = 11*p(m) + 6*w(m). What is x(8)?
-5
Let z(q) = -q**3 - 2*q**2 + 3. Suppose 3*k - 3*j = 4*k + 8, 2*k - 3*j = 2. Let v = -1 - 3. Let i be (4 - 1) + v + k. Calculate z(i).
12
Let x(b) = -50 + 14*b**2 + 3*b - 6*b**2 + 50. Let h(p) = 15*p**2 + 5*p. Let i(y) = 3*h(y) - 5*x(y). Determine i(1).
5
Let w(x) = 3*x - 41 + 39 + x**3 + 6*x**2 - 2*x. Let k(n) = -n**3 - 5*n**2 + 1. Let c(r) = 3*k(r) + 2*w(r). Give c(-4).
7
Let f(s) = -s**3 - 5*s**2 - 4*s - 6. Let p(q) = q**3 + 6*q**2 + 6*q. Suppose -4*h + 6 = 26. Let n be p(h). What is f(n)?
14
Let c(l) = l - 4. Let p be (-1)/((-132)/(-68) - 2). Let u = p + -5. Suppose -8*h + u = -5*h. Calculate c(h).
0
Suppose 3*a - 22 = h, 3*h + 30 = 3*a - 0*h. Let k(w) = 0*w**2 - 1 - 2 - w**2 - a*w. Suppose -13*x - 1070 = 26*x + 175*x. What is k(x)?
2
Let l = 9 + -6. Let y(h) = 15*h**3 - 4*h**2 + 12*h + 3. Let p(t) = -13*t**3 + 4*t**2 - 11*t - 2. Let u(s) = -7*p(s) - 6*y(s). Give u(l).
2
Let p = 7 + -5. Let y(c) = -3*c**2 + 2 - 3*c - c - 3*c + 4*c**p. Let m(v) = v**2 + 5*v + 8. Let j be m(-4). Give y(j).
-10
Let z be 5 + (-36)/(-6) - 0/1. Suppose -3*k = -7*k + 8, f = 5*k - z. Let r(j) = -8*j**2 + 2*j + 1. Calculate r(f).
-9
Let l = 428 - 429. Let f(t) = -10*t**3 - 2*t**2 - 2*t - 1. Determine f(l).
9
Let q(h) be the second derivative of -h**4/12 - 7*h**3/6 - 3*h**2/2 - 182*h. Calculate q(-9).
-21
Let v = -5 - -11. Suppose -2*s = y - 2, 2*y - v = -y + 2*s. Let h(m) = -m + 2*m**y + 11 + 5 - 14 - m**3. Calculate h(2).
0
Let h(o) be the first derivative of -o**5/60 - 7*o**4/24 + o**3/3 + 12*o**2 + 28. Let i(m) be the second derivative of h(m). Let p = -16 - -8. Give i(p).
-6
Let b(o) = o - 23. Let m be -3*(13/(-3) + 3). Let s be 34/m*(-12)/(-6). Let g be b(s). Let z(x) = -x**3 - 5*x**2 + 7*x - 2. Determine z(g).
-8
Let f(o) = -o**2 - o - 1. Let z(d) = 3*d**2 + 4*d + 9. Let l(v) = -4*f(v) - z(v). Let t be 8/10*5/2. Suppose -t*p + 7*p = 0. What is l(p)?
-5
Let v(b) = 7*b**2 + 5 + 8*b**2 - 4*b + 15*b**2 - 31*b**2. Calculate v(-7).
-16
Suppose 2*c + 3*y - 12 = 0, 0*y = 5*c - 4*y - 7. Let o(j) = 2*j - j - 6*j + 3 - 4*j**2 + c*j. Let l be 12/21*(-7)/(-2). Calculate o(l).
-17
Let v(b) = b + 7. Let x be (-5 + 25)*4*(-2)/(-20). Suppose x*l - 65 = 21*l. Determine v(l).
2
Let l(x) = 3*x**2 - 3*x + 4. Let c(u) = -5*u**2 + 3*u - 3. Let f(k) = 2*c(k) + 3*l(k). Determine f(-5).
-4
Let o(k) be the first derivative of k**3/3 - 5*k**2/2 + k + 1. Suppose 0 = -21*j + 59 + 25. Determine o(j).
-3
Let n(x) = x + 14. Let j(u) = 3*u**2 + 3*u - 4. Let t be j(-4). Let k = t + -32. Calculate n(k).
14
Let w(h) be the second derivative of 0*h**3 - 1/20*h**5 + 0 - 1/2*h**2 + 7/12*h**4 + 42*h. Give w(7).
-1
Let m(d) = -d**2 + 2 - 6*d**3 + 2*d**2 + 3*d + d**2 + 7*d**3. Let z be -4 - (1 + -3 - 0). Let u(s) = -s - 4. Let w be u(z). What is m(w)?
-4
Let c(w) be the first derivative of -w**3/3 + 9*w**2/2 + 6*w + 276. Give c(8).
14
Let f(c) be the first derivative of -c**3/3 + c**2/2 - 5*c + 1. Let h(o) = -7*o**2 + 13*o - 2. Let i be h(1). What is f(i)?
-17
Let h = 64 + -62. Let k(u) = u**2 + 6 - 4*u + 0*u - h*u. Give k(6).
6
Let r be 5/(40/6) + 45/20. Let t(i) = -r*i + 42*i**2 - 21*i**2 + 11*i + 5 - 20*i**2. Calculate t(-4).
-11
Let s(y) = y**3 - 7*y**2 + 8*y - 2. Supp